
False
Is 1987633757 a multiple of 13?
False
Is 7 a factor of 24629660?
False
Does 60 divide 13567740?
True
Is 1355547864 a multiple of 8553?
True
Does 22 divide 14208519?
False
Does 1692 divide 695300328?
True
Is 39 a factor of 163042800?
False
Does 6089 divide 58431160?
False
Does 43 divide 3425385676?
True
Is 50 a factor of 509031?
False
Is 1719031002 a multiple of 13?
True
Does 159 divide 10813590?
True
Is 20 a factor of 17859320?
True
Does 308 divide 944484962?
False
Is 62 a factor of 503709080?
True
Is 681 a factor of 272790894?
True
Is 1148581875 a multiple of 75?
True
Is 225 a factor of 556605900?
True
Does 127 divide 82708182?
False
Is 1109866250 a multiple of 2125?
True
Is 98 a factor of 61404079?
False
Is 175 a factor of 38575194?
False
Is 36344040 a multiple of 12?
True
Does 2968 divide 23338632?
False
Is 11 a factor of 162300922?
False
Does 104 divide 14170000?
True
Is 541567522 a multiple of 4871?
True
Does 624 divide 4264434096?
True
Is 16472911 even?
False
Is 1684 a factor of 276620576?
True
Is 4505827 even?
False
Is 42 a factor of 392520702?
True
Is 488 a factor of 138836488?
True
Is 251 a factor of 1412111693?
True
Is 2494173 a multiple of 363?
True
Is 24 a factor of 102051104?
False
Is 574 a factor of 393193444?
True
Does 2478 divide 1342652262?
True
Does 200 divide 605228062?
False
Does 10 divide 3462490516?
False
Does 670 divide 376666027?
False
Is 5594386 a multiple of 602?
True
Is 33953722 a multiple of 209?
True
Is 596 a factor of 103000270?
False
Is 3436 a factor of 1632140428?
False
Does 148 divide 182324752?
True
Is 79928934 a multiple of 2513?
False
Does 18 divide 905783257?
False
Is 54291939 a multiple of 17?
False
Is 75 a factor of 1373550450?
True
Is 44 a factor of 572327184?
True
Is 27 a factor of 114825384?
True
Does 42 divide 564740106?
True
Is 1149072348 a multiple of 38?
True
Is 1275167096 a multiple of 1112?
True
Does 429 divide 7718568?
True
Is 29 a factor of 89187453?
False
Is 1078990987 a multiple of 729?
False
Does 43 divide 3455652?
True
Does 1797 divide 140935663?
False
Does 122 divide 8379448?
True
Is 9 a factor of 17799542?
False
Is 432573761 a multiple of 72?
False
Is 116 a factor of 4706236?
True
Is 50852552 a multiple of 2177?
False
Does 23 divide 53443237?
True
Is 274264256 a multiple of 555?
False
Is 36360721 a multiple of 8?
False
Is 72 a factor of 2470561488?
True
Does 4166 divide 4765933929?
False
Is 9 a factor of 85338?
True
Is 434 a factor of 468992668?
False
Is 4 a factor of 1356184?
True
Is 28367990 a multiple of 61?
False
Does 2349 divide 65116461?
False
Is 734037012 a multiple of 108?
True
Is 208192411 a multiple of 7?
True
Is 62922125 a multiple of 24?
False
Is 110326272 a multiple of 15?
False
Does 25 divide 48613510?
False
Is 38 a factor of 46701935?
False
Is 121079050 a multiple of 3350?
True
Does 1271 divide 148066871?
False
Is 34335172 a multiple of 190?
False
Is 53 a factor of 24496003?
False
Does 427 divide 84439731?
False
Does 619 divide 56921383?
True
Is 2006 a factor of 145427195?
False
Is 3013060 a multiple of 576?
False
Is 14309860 a multiple of 268?
True
Is 12947025 a multiple of 1897?
True
Is 9576673 a multiple of 37?
True
Does 16 divide 181946116?
False
Does 109 divide 29325905?
True
Is 70731125 a multiple of 323?
False
Does 9 divide 28795896?
True
Does 4 divide 15686924?
True
Does 32 divide 45948544?
True
Does 118 divide 45644288?
True
Is 71504844 a multiple of 318?
True
Does 52 divide 862916628?
False
Is 138 a factor of 2096711480?
False
Is 149825381 a multiple of 71?
False
Is 637351590 a multiple of 7310?
True
Is 400916 a multiple of 2?
True
Is 64450554 a multiple of 42?
True
Is 577663827 a multiple of 93?
True
Does 137 divide 40163105?
False
Is 1800232 a multiple of 68?
True
Is 4 a factor of 29521970?
False
Is 364525553 a multiple of 7?
True
Is 1378677 a multiple of 2?
False
Does 602 divide 2896183?
False
Is 199 a factor of 228456934?
False
Is 30488081 a multiple of 24?
False
Does 103 divide 3853615293?
False
Is 3353137 a multiple of 2?
False
Does 397 divide 177793671?
True
Is 16198820 a multiple of 95?
False
Is 16 a factor of 481735952?
True
Is 2180705048 a multiple of 82?
True
Does 18 divide 277526952?
True
Is 3050272119 a multiple of 1861?
False
Does 242 divide 17571862?
True
Is 50050462 a multiple of 87?
False
Is 1271 a factor of 124643157?
True
Is 13058010 a multiple of 1470?
True
Is 77970942 a multiple of 89?
True
Is 39 a factor of 17872060?
False
Does 196 divide 310001570?
False
Is 3309 a factor of 109422894?
False
Is 3994344 a multiple of 24?
True
Does 163 divide 14235768?
True
Is 92 a factor of 29334035?
False
Is 258595330 a multiple of 1226?
False
Is 19377548 a multiple of 257?
False
Is 136965963 a multiple of 5?
False
Is 35 a factor of 4530622?
False
Does 940 divide 4518788446?
False
Is 2210363201 a multiple of 26?
False
Is 2553 a factor of 626477783?
False
Is 53 a factor of 35196974?
False
Is 3731 a factor of 49620744?
False
Is 462 a factor of 117525047?
False
Does 2 divide 88503929?
False
Is 469174194 a multiple of 10?
False
Does 77 divide 5572259?
True
Does 1340 divide 42988540?
True
Does 1236 divide 21950900?
False
Is 1410 a factor of 14910750?
True
Is 56 a factor of 2100937317?
False
Does 14 divide 2940524?
False
Does 9 divide 2194886466?
True
Is 47 a factor of 38591801?
False
Is 10728160 a multiple of 552?
False
Is 312 a factor of 65221844?
False
Is 134 a factor of 21711886?
True
Is 137906352 a multiple of 496?
True
Does 963 divide 1785270069?
True
Does 259 divide 3554066?
False
Is 261875386 a multiple of 50?
False
Is 206 a factor of 304466620?
False
Is 13301145 a multiple of 7?
False
Is 287314603 a multiple of 10?
False
Is 638206661 a multiple of 4486?
False
Is 143680080 a multiple of 368?
True
Does 82 divide 1357817336?
True
Does 23 divide 141110313?
True
Does 9 divide 36325866?
False
Is 41 a factor of 323729932?
True
Is 263360526 a multiple of 27?
False
Is 227 a factor of 7236987?
True
Is 98946185 a multiple of 1459?
False
Is 12320440 a multiple of 20?
True
Is 161333845 a multiple of 5?
True
Does 5210 divide 1295831200?
True
Is 666 a factor of 23148828?
True
Is 236 a factor of 33492176?
True
Is 14676009 a multiple of 107?
False
Is 16 a factor of 776667232?
True
Is 160577468 a multiple of 2824?
False
Does 5 divide 15850915?
True
Does 5829 divide 876769035?
True
Is 57 a factor of 64597188?
True
Is 990652911 a multiple of 37?
True
Does 6 divide 64170864?
True
Is 81282094 a multiple of 4?
False
Is 159665814 a multiple of 14?
True
Is 54 a factor of 860226318?
True
Is 22 a factor of 838107314?
True
Is 130 a factor of 3566703895?
False
Is 7 a factor of 281791?
False
Is 3711718 a multiple of 179?
False
Does 331 divide 306791841?
False
Is 4340153 a multiple of 4?
False
Does 433 divide 128579350?
True
Does 12 divide 553050?
False
Is 29940613 a multiple of 39?
False
Is 757918899 a multiple of 747?
True
Is 152 a factor of 834163582?
False
Is 436397757 a multiple of 93?
True
Is 84003498 a multiple of 11?
False
Is 24 a factor of 3218890?
False
Is 224677936 a multiple of 28?
True
Is 677568418 a multiple of 16?
False
Is 316 a factor of 134127148?
True
Is 680 a factor of 8546920?
True
Is 53865890 a multiple of 1310?
True
Is 966 a factor of 5210782973?
False
Is 1928 a factor of 7249280?
True
Is 12510436 a multiple of 68?
True
Is 87 a factor of 36260034?
True
Does 204 divide 275574012?
True
Does 14 divide 85904856?
False
Does 8 divide 270249960?
True
Does 5379 divide 588118344?
True
Is 961 a factor of 89708389?
True
Does 13 divide 5410723617?
True
Does 24 divide 20753342?
False
Is 35573068 a multiple of 26?
False
Is 48798838 a multiple of 22?
True
Does 9 divide 53254712?
False
Does 151 divide 1314757?
True
Is 389 a factor of 23341181?
False
Does 1490 divide 880178950?
False
Does 3668 divide 91138796?
True
Is 3517063548 a multiple of 107?
False
Is 18969100 a multiple of 50?
True
Is 41 a factor of 199400?
False
Does 4 divide 10353608?
True
Is 1797 a factor of 374396013?
False
Does 626 divide 295417083?
False
Is 65371200 a multiple of 240?
True
Does 23 divide 65181478?
False
Does 2136 divide 58692276?
False
Is 283 a factor of 8939121?
True
Is 3199 a factor of 514322424?
True
Does 6 divide 435186395?
False
Does 164 divide 29687116?
True
Is 47345988 a multiple of 1